{"id":703,"date":"2017-10-09T08:48:03","date_gmt":"2017-10-09T08:48:03","guid":{"rendered":"http:\/\/psychologist.ancorathemes.com\/?page_id=703"},"modified":"2024-01-17T14:50:55","modified_gmt":"2024-01-17T14:50:55","slug":"chi-sono","status":"publish","type":"page","link":"https:\/\/ilariamocavini.it\/index.php\/chi-sono\/","title":{"rendered":"Chi sono"},"content":{"rendered":"<div class=\"wpb-content-wrapper\"><p>[vc_row][vc_column][vc_empty_space height=&#8221;8.15rem&#8221;]<h2 class=\"sc_title sc_title_regular sc_align_center\" style=\"text-align:center;\" data-animation=\"animated fadeIn normal\">Mi presento<\/h2>[vc_empty_space][\/vc_column][\/vc_row][vc_row][vc_column width=&#8221;1\/2&#8243;][vc_column_text css_animation=&#8221;fadeIn&#8221;]<span style=\"font-size: 14pt;\">Sono una Psicologa e Psicoterapeuta Psicoanalitica, effettuo consulenza e psicoterapia con adulti, coppie e genitori come libero professionista.<\/span><\/p>\n<p><span style=\"font-size: 14pt;\">Sono iscritta all&#8217;Albo degli Psicologi e Psicoterapeuti dell&#8217;Emilia Romagna (nun. ord. 7410)<\/span><\/p>\n<p><span style=\"font-size: 14pt;\">Sono nata nel 1971 a Roma. Dopo la maturit\u00e0 classica conseguita al Liceo T. Tasso di Roma, nel 1995, mi sono laureata in Psicologia presso L&#8217;Universit\u00e0 &#8220;La Sapienza&#8221;, con il massimo dei voti.<\/span><\/p>\n<p><span style=\"font-size: 14pt;\">Durante gli anni dell&#8217;universit\u00e0, ed anche successivamente, spinta da un interesse e da una motivazione per il settore sociale, ho lavorato in Cooperative e Associazioni, come &#8220;Villa Maraini&#8221; e &#8220;Parsec&#8221;, occupandomi di tossicodipendenza e minori.<\/span><\/p>\n<p><span style=\"font-size: 14pt;\">Ho effettuato il Tirocinio Post Lauream presso il Servizio Materno Infantile, Settore Tutela Salute Mentale e Riabilitazione in Et\u00e0 Evolutiva della ASL RMC di Roma, dove ho proseguito per i successivi cinque anni \u00a0prestando la mia attivit\u00e0 come psicologo volontario.<\/span><\/p>\n<p>&nbsp;<\/p>\n<p><span style=\"font-size: 14pt;\">Ho ottenuto l&#8217;Abilitazione alla professione di Psicologo il 13\/5\/1997.<\/span><\/p>\n<p>&nbsp;<\/p>\n<p><span style=\"font-size: 14pt;\">Dopo aver frequentato il corso di Specializzazione quadriennale in Psicoterapia Psicoanalitica presso la SIPP, nel 2002 mi sono diplomata con il massimo dei voti, conseguendo il 12 maggio 2003 l\u2019abilitazione alla professione di Psicoterapeuta.<\/span><\/p>\n<p>&nbsp;<\/p>\n<p><span style=\"font-size: 14pt;\">In seguito ho proseguito gli studi nella Societ\u00e0 Italiana di Psicoterapia Psicoanalitica diventandone Membro Associato. L\u2019appartenenza e la partecipazione attiva alla vita scientifica della Societ\u00e0 \u00e8 utile per poter contare su una formazione permanente e sul ruolo supportivo dei colleghi.<\/span><\/p>\n<p><span style=\"font-size: 14pt;\">Attualmente frequento i \u201cPercorsi di formazione permanente\u201d, gruppi di supervisione del lavoro clinico presso il Ruolo Terapeutico di Parma.<\/span><\/p>\n<p><span style=\"font-size: 14pt;\">Svolgo l\u2019attivit\u00e0 di psicoterapeuta da quasi vent\u2019anni e nell\u2019attivit\u00e0 privata ho trovato la mia dimensione lavorativa ottimale. Lavorare privatamente significa poter seguire ogni persona con attenzione e delicatezza, preparando un ambiente accogliente, organizzando con cura i tempi e i modi di ogni percorso terapeutico.<\/span><\/p>\n<p><span style=\"font-size: 14pt;\">Lavoro sempre in contatto con una rete di colleghi psicologi, medici, psichiatri e pediatri con cui collaboro, in un clima di fiducia reciproca.<\/span><\/p>\n<p><span style=\"font-size: 14pt;\">Da 10 anni sono docente di &#8220;Psicopatologia&#8221; presso il Master di Consulenza filosofica (SUCF).<\/span><\/p>\n<p><span style=\"font-size: 14pt;\">Vivo a Traversetolo in provincia di Parma e divido il mio tempo lavorativo tra lo studio di Traversetolo e quello di Parma.<\/span><\/p>\n<p><span style=\"font-size: 14pt;\">Sono mamma di tre figli. Il contatto con i bambini, sia da psicologa che da madre, mi ha senz&#8217;altro arricchita e mi ha permesso di sviluppare una sensibilit\u00e0 per le aree pi\u00f9 profonde della personalit\u00e0.<\/span><\/p>\n<p><span style=\"font-size: 14pt;\"><em> La riflessione sull&#8217;infanzia \u00e8 sempre presente in me e la ritengo fondamentale nella comprensione degli adulti (&#8220;Il bambino \u00e8 il padre dell&#8217;uomo&#8221; Freud, 1913).<\/em><\/span>[\/vc_column_text][\/vc_column][vc_column width=&#8221;1\/2&#8243;][vc_single_image image=&#8221;1110&#8243; img_size=&#8221;full&#8221; alignment=&#8221;center&#8221; css_animation=&#8221;fadeIn&#8221;][\/vc_column][\/vc_row][vc_row][vc_column width=&#8221;1\/2&#8243; offset=&#8221;vc_hidden-lg vc_hidden-md vc_hidden-sm&#8221;][vc_empty_space height=&#8221;4em&#8221;][\/vc_column][vc_column][vc_empty_space height=&#8221;8.65rem&#8221;][\/vc_column][\/vc_row][vc_row][vc_column][vc_empty_space]<h2 class=\"sc_title sc_title_regular sc_align_center\" style=\"text-align:center;font-weight:300;\" data-animation=\"animated fadeIn normal\">Se hai bisogno di contattarmi<\/h2>\n<div class=\"wpcf7 no-js\" id=\"wpcf7-f870-o1\" lang=\"en-US\" dir=\"ltr\" data-wpcf7-id=\"870\">\n<div class=\"screen-reader-response\"><p role=\"status\" aria-live=\"polite\" aria-atomic=\"true\"><\/p> <ul><\/ul><\/div>\n<form action=\"\/index.php\/wp-json\/wp\/v2\/pages\/703#wpcf7-f870-o1\" method=\"post\" class=\"wpcf7-form init\" aria-label=\"Contact form\" novalidate=\"novalidate\" data-status=\"init\">\n<fieldset class=\"hidden-fields-container\"><input type=\"hidden\" name=\"_wpcf7\" value=\"870\" \/><input type=\"hidden\" name=\"_wpcf7_version\" value=\"6.1.5\" \/><input type=\"hidden\" name=\"_wpcf7_locale\" value=\"en_US\" \/><input type=\"hidden\" name=\"_wpcf7_unit_tag\" value=\"wpcf7-f870-o1\" \/><input type=\"hidden\" name=\"_wpcf7_container_post\" value=\"0\" \/><input type=\"hidden\" name=\"_wpcf7_posted_data_hash\" value=\"\" \/><input type=\"hidden\" name=\"_wpcf7_recaptcha_response\" value=\"\" \/>\n<\/fieldset>\n<div class='itm row' ><span class=\"wpcf7-form-control-wrap\" data-name=\"your-name\"><input size=\"40\" maxlength=\"400\" class=\"wpcf7-form-control wpcf7-text wpcf7-validates-as-required\" aria-required=\"true\" aria-invalid=\"false\" placeholder=\"Nome e Cognome*\" value=\"\" type=\"text\" name=\"your-name\" \/><\/span><\/div> \n<div class='itm row'><span class=\"wpcf7-form-control-wrap\" data-name=\"your-email\"><input size=\"40\" maxlength=\"400\" class=\"wpcf7-form-control wpcf7-email wpcf7-validates-as-required wpcf7-text wpcf7-validates-as-email\" aria-required=\"true\" aria-invalid=\"false\" placeholder=\"Indirizzo email*\" value=\"\" type=\"email\" name=\"your-email\" \/><\/span><\/div>\n<div class=\"itm row\"><span class=\"wpcf7-form-control-wrap\" data-name=\"your-phone\"><input size=\"40\" maxlength=\"400\" class=\"wpcf7-form-control wpcf7-text wpcf7-validates-as-required\" aria-required=\"true\" aria-invalid=\"false\" placeholder=\"Numero di telefono\" value=\"\" type=\"text\" name=\"your-phone\" \/><\/span><\/div>\n<div class=''><span class=\"wpcf7-form-control-wrap\" data-name=\"your-message\"><textarea cols=\"40\" rows=\"10\" maxlength=\"2000\" class=\"wpcf7-form-control wpcf7-textarea wpcf7-validates-as-required\" aria-required=\"true\" aria-invalid=\"false\" placeholder=\"Scrivi il tuo messaggio*\" name=\"your-message\"><\/textarea><\/span><\/div>\n<div><span class=\"wpcf7-form-control-wrap\" data-name=\"acceptance-157\"><span class=\"wpcf7-form-control wpcf7-acceptance\"><span class=\"wpcf7-list-item\"><label><input type=\"checkbox\" name=\"acceptance-157\" value=\"1\" aria-invalid=\"false\" \/><span class=\"wpcf7-list-item-label\">Acconsento al salvataggio e al trattamento dei miei dati personali<\/span><\/label><\/span><\/span><\/span><\/div> \n<div class=\"sc_form_field sc_form_field_button sc_form_field_submit\"><input class=\"wpcf7-form-control wpcf7-submit has-spinner\" type=\"submit\" value=\"Invia\" \/><\/div><div class=\"wpcf7-response-output\" aria-hidden=\"true\"><\/div>\n<\/form>\n<\/div>\n[vc_empty_space][\/vc_column][\/vc_row][vc_row][vc_column css=&#8221;.vc_custom_1516185325042{margin-top: 3.9em !important;margin-bottom: 0.75em !important;}&#8221;]<div class=\"sc_section margin_top_huge margin_bottom_huge aligncenter\" data-animation=\"animated fadeIn normal\"><div class=\"sc_section_inner\"><h6 class=\"sc_section_subtitle sc_item_subtitle\">Dal mio blog<\/h6><h1 class=\"sc_section_title sc_item_title\">Ultimi aggiornamenti<\/h1><div class=\"sc_section_content_wrap\"><div id=\"sc_blogger_987181825\" class=\"sc_blogger layout_classic_2 template_masonry margin_top_medium  sc_blogger_horizontal\" data-animation=\"animated fadeIn normal\"><div class=\"isotope_wrap\" data-columns=\"2\"><\/div><div class=\"sc_blogger_button sc_item_button\"><a href=\"\/index.php\/blog\/\" class=\"sc_button sc_button_square sc_button_style_filled sc_button_size_medium\">Scopri tutti i miei post<\/a><\/div><\/div><\/div><\/div><\/div>[\/vc_column][\/vc_row][vc_row full_width=&#8221;stretch_row&#8221; inverse=&#8221;&#8221; css=&#8221;.vc_custom_1582801429468{padding-top: 2.5em !important;padding-bottom: 0.65em !important;background-color: #2d8c8e !important;}&#8221; el_class=&#8221;row_contacts&#8221;][vc_column width=&#8221;1\/3&#8243;]<div class=\"sc_section inverse_section\"><div class=\"sc_section_inner\"><div class=\"sc_section_content_wrap\"><span class=\"sc_icon icon-location alignleft\" style=\"color:#ffffff;\"><\/span>[vc_column_text]<span style=\"color: #000000;\"><strong>Via G.Matteotti, 4, Traversetolo 43029 (PR)\u00a0<\/strong><\/span>[\/vc_column_text]<\/div><\/div><\/div>[\/vc_column][vc_column width=&#8221;1\/3&#8243;]<div class=\"sc_section scheme_text-and-link inverse_section\" style=\"color:#ffffff;\"><div class=\"sc_section_inner\"><div class=\"sc_section_content_wrap\"><span class=\"sc_icon icon-phone-1 alignleft\"><\/span>[vc_column_text]<strong>Phone:<\/strong><br \/>\n<span style=\"color: #ffffff;\"><a style=\"color: #ffffff;\" href=\"tel:3475744217\">347 574 4217<\/a><\/span>[\/vc_column_text]<\/div><\/div><\/div>[\/vc_column][vc_column width=&#8221;1\/3&#8243;]<div class=\"sc_section inverse_section\"><div class=\"sc_section_inner\"><div class=\"sc_section_content_wrap\"><span class=\"sc_icon icon-chat-empty alignleft\"><\/span>[vc_column_text]<strong>Email:<\/strong><br \/>\n<span style=\"color: #ffffff;\"><a style=\"color: #ffffff;\" href=\"mailto:ilaria.mocavini@libero.it\">ilaria.mocavini@libero.it<\/a><\/span>[\/vc_column_text]<\/div><\/div><\/div>[\/vc_column][\/vc_row]<\/p>\n<\/div>","protected":false},"excerpt":{"rendered":"<p>[vc_row][vc_column][vc_empty_space height=&#8221;8.15rem&#8221;][vc_empty_space][\/vc_column][\/vc_row][vc_row][vc_column width=&#8221;1\/2&#8243;][vc_column_text css_animation=&#8221;fadeIn&#8221;]Sono una Psicologa e Psicoterapeuta Psicoanalitica, effettuo consulenza e psicoterapia con adulti, coppie e genitori come libero professionista. Sono iscritta all&#8217;Albo degli Psicologi e Psicoterapeuti dell&#8217;Emilia Romagna [&hellip;]<\/p>\n","protected":false},"author":1,"featured_media":0,"parent":0,"menu_order":0,"comment_status":"closed","ping_status":"closed","template":"","meta":{"footnotes":""},"class_list":["post-703","page","type-page","status-publish","hentry"],"yoast_head":"<!-- This site is optimized with the Yoast SEO plugin v27.5 - https:\/\/yoast.com\/product\/yoast-seo-wordpress\/ -->\n<title>Chi sono - Ilaria Mocavini<\/title>\n<meta name=\"robots\" content=\"index, follow, max-snippet:-1, max-image-preview:large, max-video-preview:-1\" \/>\n<link rel=\"canonical\" href=\"https:\/\/ilariamocavini.it\/index.php\/chi-sono\/\" \/>\n<meta property=\"og:locale\" content=\"it_IT\" \/>\n<meta property=\"og:type\" content=\"article\" \/>\n<meta property=\"og:title\" content=\"Chi sono - Ilaria Mocavini\" \/>\n<meta property=\"og:description\" content=\"[vc_row][vc_column][vc_empty_space height=&#8221;8.15rem&#8221;][vc_empty_space][\/vc_column][\/vc_row][vc_row][vc_column width=&#8221;1\/2&#8243;][vc_column_text css_animation=&#8221;fadeIn&#8221;]Sono una Psicologa e Psicoterapeuta Psicoanalitica, effettuo consulenza e psicoterapia con adulti, coppie e genitori come libero professionista. Sono iscritta all&#8217;Albo degli Psicologi e Psicoterapeuti dell&#8217;Emilia Romagna [&hellip;]\" \/>\n<meta property=\"og:url\" content=\"https:\/\/ilariamocavini.it\/index.php\/chi-sono\/\" \/>\n<meta property=\"og:site_name\" content=\"Ilaria Mocavini\" \/>\n<meta property=\"article:modified_time\" content=\"2024-01-17T14:50:55+00:00\" \/>\n<meta name=\"twitter:card\" content=\"summary_large_image\" \/>\n<meta name=\"twitter:label1\" content=\"Tempo di lettura stimato\" \/>\n\t<meta name=\"twitter:data1\" content=\"3 minuti\" \/>\n<script type=\"application\/ld+json\" class=\"yoast-schema-graph\">{\"@context\":\"https:\\\/\\\/schema.org\",\"@graph\":[{\"@type\":\"WebPage\",\"@id\":\"https:\\\/\\\/ilariamocavini.it\\\/index.php\\\/chi-sono\\\/\",\"url\":\"https:\\\/\\\/ilariamocavini.it\\\/index.php\\\/chi-sono\\\/\",\"name\":\"Chi sono - Ilaria Mocavini\",\"isPartOf\":{\"@id\":\"https:\\\/\\\/ilariamocavini.it\\\/#website\"},\"datePublished\":\"2017-10-09T08:48:03+00:00\",\"dateModified\":\"2024-01-17T14:50:55+00:00\",\"breadcrumb\":{\"@id\":\"https:\\\/\\\/ilariamocavini.it\\\/index.php\\\/chi-sono\\\/#breadcrumb\"},\"inLanguage\":\"it-IT\",\"potentialAction\":[{\"@type\":\"ReadAction\",\"target\":[\"https:\\\/\\\/ilariamocavini.it\\\/index.php\\\/chi-sono\\\/\"]}]},{\"@type\":\"BreadcrumbList\",\"@id\":\"https:\\\/\\\/ilariamocavini.it\\\/index.php\\\/chi-sono\\\/#breadcrumb\",\"itemListElement\":[{\"@type\":\"ListItem\",\"position\":1,\"name\":\"Home\",\"item\":\"https:\\\/\\\/ilariamocavini.it\\\/\"},{\"@type\":\"ListItem\",\"position\":2,\"name\":\"Chi sono\"}]},{\"@type\":\"WebSite\",\"@id\":\"https:\\\/\\\/ilariamocavini.it\\\/#website\",\"url\":\"https:\\\/\\\/ilariamocavini.it\\\/\",\"name\":\"Ilaria Mocavini\",\"description\":\"\",\"potentialAction\":[{\"@type\":\"SearchAction\",\"target\":{\"@type\":\"EntryPoint\",\"urlTemplate\":\"https:\\\/\\\/ilariamocavini.it\\\/?s={search_term_string}\"},\"query-input\":{\"@type\":\"PropertyValueSpecification\",\"valueRequired\":true,\"valueName\":\"search_term_string\"}}],\"inLanguage\":\"it-IT\"}]}<\/script>\n<!-- \/ Yoast SEO plugin. -->","yoast_head_json":{"title":"Chi sono - Ilaria Mocavini","robots":{"index":"index","follow":"follow","max-snippet":"max-snippet:-1","max-image-preview":"max-image-preview:large","max-video-preview":"max-video-preview:-1"},"canonical":"https:\/\/ilariamocavini.it\/index.php\/chi-sono\/","og_locale":"it_IT","og_type":"article","og_title":"Chi sono - Ilaria Mocavini","og_description":"[vc_row][vc_column][vc_empty_space height=&#8221;8.15rem&#8221;][vc_empty_space][\/vc_column][\/vc_row][vc_row][vc_column width=&#8221;1\/2&#8243;][vc_column_text css_animation=&#8221;fadeIn&#8221;]Sono una Psicologa e Psicoterapeuta Psicoanalitica, effettuo consulenza e psicoterapia con adulti, coppie e genitori come libero professionista. Sono iscritta all&#8217;Albo degli Psicologi e Psicoterapeuti dell&#8217;Emilia Romagna [&hellip;]","og_url":"https:\/\/ilariamocavini.it\/index.php\/chi-sono\/","og_site_name":"Ilaria Mocavini","article_modified_time":"2024-01-17T14:50:55+00:00","twitter_card":"summary_large_image","twitter_misc":{"Tempo di lettura stimato":"3 minuti"},"schema":{"@context":"https:\/\/schema.org","@graph":[{"@type":"WebPage","@id":"https:\/\/ilariamocavini.it\/index.php\/chi-sono\/","url":"https:\/\/ilariamocavini.it\/index.php\/chi-sono\/","name":"Chi sono - Ilaria Mocavini","isPartOf":{"@id":"https:\/\/ilariamocavini.it\/#website"},"datePublished":"2017-10-09T08:48:03+00:00","dateModified":"2024-01-17T14:50:55+00:00","breadcrumb":{"@id":"https:\/\/ilariamocavini.it\/index.php\/chi-sono\/#breadcrumb"},"inLanguage":"it-IT","potentialAction":[{"@type":"ReadAction","target":["https:\/\/ilariamocavini.it\/index.php\/chi-sono\/"]}]},{"@type":"BreadcrumbList","@id":"https:\/\/ilariamocavini.it\/index.php\/chi-sono\/#breadcrumb","itemListElement":[{"@type":"ListItem","position":1,"name":"Home","item":"https:\/\/ilariamocavini.it\/"},{"@type":"ListItem","position":2,"name":"Chi sono"}]},{"@type":"WebSite","@id":"https:\/\/ilariamocavini.it\/#website","url":"https:\/\/ilariamocavini.it\/","name":"Ilaria Mocavini","description":"","potentialAction":[{"@type":"SearchAction","target":{"@type":"EntryPoint","urlTemplate":"https:\/\/ilariamocavini.it\/?s={search_term_string}"},"query-input":{"@type":"PropertyValueSpecification","valueRequired":true,"valueName":"search_term_string"}}],"inLanguage":"it-IT"}]}},"_links":{"self":[{"href":"https:\/\/ilariamocavini.it\/index.php\/wp-json\/wp\/v2\/pages\/703","targetHints":{"allow":["GET"]}}],"collection":[{"href":"https:\/\/ilariamocavini.it\/index.php\/wp-json\/wp\/v2\/pages"}],"about":[{"href":"https:\/\/ilariamocavini.it\/index.php\/wp-json\/wp\/v2\/types\/page"}],"author":[{"embeddable":true,"href":"https:\/\/ilariamocavini.it\/index.php\/wp-json\/wp\/v2\/users\/1"}],"replies":[{"embeddable":true,"href":"https:\/\/ilariamocavini.it\/index.php\/wp-json\/wp\/v2\/comments?post=703"}],"version-history":[{"count":33,"href":"https:\/\/ilariamocavini.it\/index.php\/wp-json\/wp\/v2\/pages\/703\/revisions"}],"predecessor-version":[{"id":1377,"href":"https:\/\/ilariamocavini.it\/index.php\/wp-json\/wp\/v2\/pages\/703\/revisions\/1377"}],"wp:attachment":[{"href":"https:\/\/ilariamocavini.it\/index.php\/wp-json\/wp\/v2\/media?parent=703"}],"curies":[{"name":"wp","href":"https:\/\/api.w.org\/{rel}","templated":true}]}}